 is the units digit of 4144/12*-2*(-15)/10?
6
Let v(f) = 243*f - 301. What is the hundreds digit of v(6)?
1
Suppose -192 = f + 2*h - 1125, 2*h + 2791 = 3*f. What is the units digit of f?
1
What is the tens digit of 2/(-5) - (73370/(-50) - 3)?
7
Let w(y) = 10*y**2 - 11*y + 26. Let a be w(4). Let x = 214 - a. What is the tens digit of x?
7
Let c = -28 + 20. Let b = c + 17. Let d = b + 18. What is the units digit of d?
7
Suppose g - 2*v + 5 = -3, 4*g - 13 = -v. Let k = -2 - -5. Suppose -5*n + 4*r - k = 0, 5*r - 3 = 5*n + g. What is the units digit of n?
1
Suppose 0 = 3*n - 6*n + 18. Suppose -2*d - 60 = -n*d. Let l = d - 5. What is the tens digit of l?
1
Suppose -70 = -4*p - 66. What is the tens digit of 238 - (1/(-3))/(p/(-9))?
3
Suppose 2*a = -x - 0*a + 312, -5*a + 1575 = 5*x. Let s = x + -216. What is the units digit of s?
2
Let a be 0 - -3 - (-33 + -8). Let y = -8 + a. Let p = -11 + y. What is the tens digit of p?
2
Let q = 104 - 66. Suppose -2*n + 3*l = -0*n - 131, l = 2*n - 121. Let z = n - q. What is the tens digit of z?
2
Suppose -5*l - h + 23 = 2*h, -5*h - 27 = -l. Suppose -i = l*i - 1160. What is the tens digit of i?
4
Let l(y) = -15*y + 5 + 3 + 26*y - 2. What is the units digit of l(5)?
1
Let d = -23 + 49. Suppose -6*g - 2 = -d. Suppose -h - g*r + r = -39, 5*r + 275 = 5*h. What is the tens digit of h?
5
Let s = 4285 + -2500. What is the tens digit of s?
8
Suppose -279 = -4*u - 0*l + 5*l, 3*u + 3*l - 189 = 0. Let k be 2/6 - u/(-18). What is the tens digit of -3*(0 + -1 - k)?
1
Let y(p) = p**3 - 10*p**2 - 2*p + 15. Let t be y(10). Let n(r) = r**3 + 4*r**2 - 5*r + 7. Let c be n(t). Let f = c + -6. What is the units digit of f?
1
Let n(j) = j**2 + 19*j - 28. Let a(q) = 6*q + 1. Let t(d) = d. Let f(o) = a(o) - 5*t(o). Let i(w) = 5*f(w) - n(w). What is the tens digit of i(-14)?
3
What is the hundreds digit of 1/((-1)/(-2068)) + (-1918)/(-274)?
0
Let r(i) = 4*i**3 - 5*i**2 + 5*i - 19. Let w be r(7). Suppose -8*v + 1225 = -w. What is the units digit of v?
6
Suppose -5*f - 358 = -2*i, -12*f - 528 = -3*i - 9*f. What is the tens digit of i?
7
Suppose -9 = 2*m - 3*m. Let r be (12/m)/((-1)/6). Let z = 13 + r. What is the units digit of z?
5
Let m = -1447 + 2109. What is the tens digit of m?
6
Suppose 6*o - 10 = 68. Suppose -o = 2*l - 51. What is the tens digit of l?
1
Let y(b) = -b**2 + 13*b + 6. Let m be y(13). Let f(g) = g**2 - 6*g + 1. What is the units digit of f(m)?
1
Let r = -8 - -49. Suppose 0 = 2*y - 49 - r. What is the tens digit of y?
4
Let j be (-1 + 0 + 0)*-5. Suppose 0 = j*s - 56 - 169. What is the tens digit of s?
4
Let t = 245 - 421. What is the units digit of 1/((4/t)/(-1))?
4
Let m(t) = -3*t**3 - t**2 - 3*t - 2. Let l be m(-5). Suppose 0 = 4*f - 557 - l. What is the units digit of f/8 - (-4)/16?
9
Suppose -3*l + l + 9202 = 3*r, 3*l + 5*r - 13803 = 0. What is the thousands digit of l?
4
What is the tens digit of 194/(-1*(-2)/6)?
8
Let b(w) = -902*w + 148. What is the units digit of b(-4)?
6
Let h(x) = -2*x - 53. Let m be h(-26). Let d be (-16)/56 - (-18)/14. What is the tens digit of 0 + d + 67 - m?
6
Suppose 5*b = -119 + 1089. Suppose b*k = 192*k + 314. What is the hundreds digit of k?
1
Suppose 4*t - 12 = -3*g, 3*t + 4*g - 9 = -g. Suppose -132 - 3 = -t*n. What is the tens digit of n?
4
What is the hundreds digit of (117 - -347)/((-2)/((-8)/2))?
9
Let w = -2711 + 5030. What is the tens digit of w?
1
Let y(h) = h**2 + 2. Let a be y(0). Suppose -4*f + 17 = -3*f - 2*s, 4*s = -4*f + 68. Suppose -a*i = -i - f. What is the tens digit of i?
1
What is the thousands digit of (-24)/64*-8 - -1885?
1
Let l(m) = 58*m - 8. Let x be l(3). What is the units digit of (x/8 - 2)/((-5)/(-20))?
5
Let f(h) = -h**3 - 6*h**2 - 2*h - 10. Let a be f(-6). Suppose p = 5*l + 19 + 115, 5*l + 273 = a*p. What is the tens digit of p?
3
Let s be (3 - 14) + (-3)/(2 - -1). Suppose -7*w = 5*z - 3*w - 11, 0 = w - 4. Let p = z - s. What is the tens digit of p?
1
Let s = 1126 - -6. What is the units digit of s?
2
Let l(g) = -4*g - 12. Let q be l(8). Let w = 62 + q. What is the tens digit of w?
1
Let w(h) be the first derivative of -h**4/4 + 2*h**3 - h**2/2 + h + 1. Let s be (-16)/6*9/(-6). What is the units digit of w(s)?
9
Let o = 3463 - 2556. What is the hundreds digit of o?
9
Suppose 5*k = 2*m - 132 + 642, -3*m = 5*k - 510. Let j be 6 - ((5 - -4) + -5). Suppose 5*d = -y + 101, -j*d + 2*y - k = -7*d. What is the tens digit of d?
2
Let c be (-10)/(-60) - 17/(-6). Suppose c = -3*o, 4*o + 129 = 3*j + 2*j. What is the tens digit of j?
2
Let u be -2 + (-3)/3 + 12/4. Let x = u + 65. What is the tens digit of x?
6
Let k = 3454 + -2302. What is the thousands digit of k?
1
Suppose 0 = 2*t - 10, 4*t - 21 = -j - 4. Let n be 7/2*(-6)/j. Suppose -b + 4 = -n. What is the units digit of b?
1
Let b = 787 + -402. What is the tens digit of b?
8
Let i(g) = -g**2 - 31*g - 39. Let q be i(-22). What is the hundreds digit of (51 + q)*1/(2 + 0)?
1
Suppose 3*n - 5*h = 2315, 3*h + h + 3084 = 4*n. Suppose 12*a - 17*a = -n. What is the units digit of a?
4
Let u be 4/14 + (-1125)/(-105). Let k(m) = -m**2 + 15*m - 8. What is the tens digit of k(u)?
3
Suppose 6*d - 27 = 27. What is the tens digit of d/12 + 1960/32?
6
Suppose 4*u = 11 + 189. Let k = 0 + 9. Suppose -8*x = -k*x + u. What is the units digit of x?
0
What is the tens digit of 1 - -1427 - (-4 - 1)?
3
Let l(v) = 3*v - 25. Let z be l(9). Suppose z*b - 96 = -3*n, 5*b + 0*b - 4*n = 194. What is the tens digit of b?
4
Suppose 6*n = 2*x + 2*n + 22, 9 = -3*n. Let s(c) = c**3 + 18*c**2 + 15*c - 22. What is the tens digit of s(x)?
1
Let m be (14 + -15)/(((-2)/2)/6). What is the tens digit of ((-1)/(m/9))/((-9)/510)?
8
Let c(m) = m**3 - 6*m**2 - 8*m + 15. Let q be c(7). Suppose 2*g - 24 = -3*x, q*g = 4*g - 2*x + 64. What is the tens digit of g?
1
Let t(j) = -2*j**3 + 5*j**2 - 3*j - 2. Let n be t(2). What is the tens digit of (135/n)/(5 - 41/8)?
7
Let j(o) be the first derivative of -111*o**2 + 10*o + 3. What is the hundreds digit of j(-1)?
2
Let w(i) be the third derivative of i**4/24 + 3*i**3/2 + i**2. Suppose -8*d = -21*d + 156. What is the tens digit of w(d)?
2
Suppose -2 - 1 = 5*m + 3*k, k + 1 = -2*m. Suppose m*t + 5*i + 25 = -5*t, 0 = -4*i - 16. What is the tens digit of 4 + -3 + (-11)/t?
1
Let j(v) = -29*v - 2. Let u = 27 - 10. Let f = -18 + u. What is the tens digit of j(f)?
2
Suppose -3*f - 4*n = -13, 5*n = 10*n + 25. What is the tens digit of (36/15 + (-4)/10)*f?
2
Let g(i) = i**3 - 3*i**2 - 6*i + 4. Let z be g(6). Let j be z/3 - (-2)/3. Suppose 26 + j = 4*q. What is the tens digit of q?
1
Let b(y) = -y**3 - 9*y**2 + 3*y + 9. Let f be b(-9). What is the tens digit of f/42 + (-510)/(-14)?
3
Suppose 6*h = 15*h - 7920. What is the units digit of h?
0
Let m = 17 + -28. Let y = 14 + m. Suppose -2*w + 5*t + 13 = -3*w, 4*w = -y*t + 33. What is the tens digit of w?
1
Suppose 0 = -20*f + 9*f + 5049. What is the units digit of f?
9
Suppose 2*k - 2*j + 54 = 0, -k - 5*j = 4 + 5. Let b be 704/k + 2/6. Let w = b + 51. What is the units digit of w?
2
Suppose -3*g - 2485 = -5*m - 8*g, -5*m + 3*g = -2493. What is the hundreds digit of m?
4
What is the hundreds digit of (-39)/((-12)/184*2)?
2
Let q(n) = -3*n**3 - n**2 + 2*n + 2. Let d be q(-2). Let i be (-31)/(-3) - (6 + (-51)/9). Let s = d - i. What is the units digit of s?
8
Suppose -k = -5*i - 4*k + 119, -5*k - 85 = -3*i. Suppose 8*r = 13*r - i. Suppose -r*n + 88 = -127. What is the tens digit of n?
4
Let q(c) = -2*c + 1. Let a(z) = 5*z + 17. Let y(s) = a(s) + 3*q(s). What is the tens digit of y(-17)?
3
Let v(y) = 2*y**2 + 15*y - 7. Let w be v(-16). Suppose -2*d = 3*d - w. What is the units digit of d?
3
Suppose 37 + 3 = 2*j. Let g be 3/(-1 + (-49)/(-28)). Suppose -5*k - 4 = 4*a - 28, g*a + 4*k = j. What is the units digit of a?
1
Suppose 0 = -2*a - a + 165. What is the tens digit of (-8)/44 - (-1880)/a?
3
What is the units digit of 781/2 - (-6)/4?
2
Suppose -2*s - 2*s - 40 = 0. Let t be 2/4 + s/(-4). Suppose -5*g = -10*g + 4*x + 103, 4*g - 83 = t*x. What is the units digit of g?
3
Let g be 4 + (3 - 2) - 2. Let t = g + 48. What is the units digit of t?
1
Suppose 0*g + 3*g - 9 = 0. Suppose 8*a = -g*a + 231. What is the tens digit of a?
2
What is the hundreds digit of (1210/15 - -8)*12*3?
1
Let v = -2 +